*x, o*u = x. Let g = -3 - u. Let c(t) = t - 2. What is c(g)?
-4
Suppose 14 = 4*o + 6. Let a(s) = 3*s**o - s**3 - 2*s**2 + 2*s - 5 + 3*s**2. Calculate a(4).
3
Let l = 6 + 3. Let p = -5 + l. Let s(k) be the first derivative of k**4/4 - 4*k**3/3 - k**2/2 + 4*k - 2. Calculate s(p).
0
Let z be (24/20)/((-4)/(-20)). Let h(v) = 6*v**2 - 10*v + 13. Let t(f) = -7*f**2 + 11*f - 14. Let k(l) = 6*h(l) + 5*t(l). Give k(z).
14
Let s(z) be the second derivative of -z**3/6 + z**2 + z. Let v be s(0). Let x(u) = -4 + u + 3 - 3*u. Determine x(v).
-5
Let f(h) = -5*h + 2. Let w(v) = 11*v - 3. Let r(z) = 5*f(z) + 2*w(z). Determine r(-4).
16
Let w(q) = 4*q**2 + 6*q + 3. Let y(g) = -g**2. Suppose 0 = -u - 2*p + 7, -2*u - 7*p + 18 = -2*p. Let k(f) = u*w(f) - 3*y(f). Determine k(-3).
6
Let t be ((-3)/6)/(2/(-12)). Let h be 10/6*t*-1. Let c(q) = -q + 1. Let x(d) = -3*d + 7. Let n(z) = 4*c(z) - x(z). Give n(h).
2
Let z(m) = -10*m**2 + 27*m - 5. Let d(i) = -7*i**2 + 18*i - 3. Let s(w) = -7*d(w) + 5*z(w). Calculate s(9).
-4
Let f(d) be the first derivative of 1/60*d**5 + 0*d + 3 - 1/8*d**4 + d**3 + 0*d**2. Let p(i) be the third derivative of f(i). Give p(3).
3
Suppose -70 = 12*k - 17*k. Let n be 6/2 - (1 + 0). Suppose -v - v + 3*f = k, -n*f = -2*v - 10. Let z(r) = -4*r + 1. Calculate z(v).
5
Suppose -5*k = 4*y - 10 + 40, 18 = -2*y - 4*k. Let a(b) = -b**3 - 5*b**2 - b - 6. Give a(y).
-1
Let u(x) be the third derivative of -x**5/60 + x**4/6 + x**3/6 - 7*x**2. Determine u(3).
4
Let h(r) = -13*r**2 + 32*r - 25. Let f(k) = 7*k**2 - 17*k + 13. Let s(n) = -11*f(n) - 6*h(n). Let m be -1 + 0 - (-12)/2. Calculate s(m).
7
Let q(v) = -v**2 + 6*v + 4. Let l = -24 - -31. Give q(l).
-3
Let t(x) = x**3 - 4*x**2 - 4*x - 2. Let i = -127 - -131. Determine t(i).
-18
Let g(j) be the second derivative of -j**4/12 - 2*j**3/3 + j. Let f(m) = 5*m + 2. Let t be f(-1). What is g(t)?
3
Let m(b) = -b - 1. Let a be ((-2)/(-4)*4)/1. Let g(k) = 0*k + 3*k + a*k + 13. Let c(p) = -g(p) - 6*m(p). Give c(4).
-3
Let l(c) be the third derivative of 1/12*c**5 + 0 - c**2 + 0*c + 1/120*c**6 + 1/6*c**3 + 1/4*c**4. Let j = -8 - -4. Determine l(j).
-7
Let n(j) = -j + 1. Let a be 15*(3/9)/1. Let z = a + -7. Let f be (-1 + z)/((-3)/2). Determine n(f).
-1
Suppose 12 = -2*v - 5*i, i = -3 + 1. Let m(o) = -16*o**2 - 2*o - 1. Calculate m(v).
-15
Let p(i) = i**3 - 3*i**2 + i. Let x be p(2). Let b(v) = 7*v**2 - 7*v - 8. Let t(j) = 6*j**2 - 6*j - 7. Let q(s) = -5*b(s) + 6*t(s). Calculate q(x).
4
Suppose 64 = 7*o + 8. Let n(w) = -w**3 + 7*w**2 + 9*w - 2. Determine n(o).
6
Let w(x) be the third derivative of x**4/24 - 7*x**3/6 - 17*x**2. What is w(10)?
3
Let w(a) = -2 + 2*a**3 - 1 - 3*a**2 - a**3 + 4*a. Let o be w(2). Let u(s) be the first derivative of 11*s**2/2 + s - 11. Calculate u(o).
12
Let z(x) = x**2 + 6*x + 6. Suppose 6*i = i + 30. Let g(a) = -a**3 - a**2 - 7*a - 7. Let s(b) = i*g(b) + 7*z(b). Determine s(1).
-5
Let t = -6 - -7. Let x(n) = -n + 0*n + 0*n + t + 4*n. What is x(1)?
4
Suppose 0*z - d + 10 = z, -d - 5 = -2*z. Suppose 16 = z*f + 1. Let s(h) = h**3 - 3*h**2 + 2*h. What is s(f)?
6
Suppose 2*c - 2*u = -15 - 9, 0 = 5*c - 3*u + 50. Let s(w) = -w - 10. Determine s(c).
-3
Let v(n) = n**3 - 6*n**2 + 5*n + 4. Suppose 4*g = 5*g + 9. Let s(k) = k**3 + 9*k**2 - k - 4. Let u be s(g). Determine v(u).
4
Let g(i) = -8*i - 11*i - 11*i - 5 + 31*i. Calculate g(6).
1
Let y(r) = 6 + 0 + 4 - r - 4. Give y(5).
1
Let o(q) be the first derivative of -q**4/4 - 2*q**3/3 + 3*q - 14. Determine o(-3).
12
Let y(g) = 4*g - 2. Let u(n) = -n + 1. Let j(f) = -3*u(f) - y(f). Let x(c) = -4*c**3 - 2*c**2 + 1. Let o be x(-1). What is j(o)?
-4
Let d be (-66)/(-4) - 2/(-4). Suppose -5*f = -d + 7. Let g = f + 1. Let x(w) = w**3 - 3*w**2 - 2. Calculate x(g).
-2
Let z(c) = 2*c**2 + 6*c + 2. Let x be 2 + -5 - (2 - 1). Let t be z(x). Let b(v) = v + 0*v + t + 4*v - 4*v. What is b(0)?
10
Let u(q) = q**2 + q + 3. Suppose -4*k - 8 = 2*c + 2, 2*c - 6 = 0. Let l be 3/(-4)*(-12 - k). Let a(m) = m - 6. Let b be a(l). Give u(b).
3
Let l(x) = -x**3 - x**2 - x - 5. Suppose 25*i = 30*i. What is l(i)?
-5
Let b(x) be the first derivative of x**2 - 6*x - 4. Let l(j) = -j**2 + 7*j - 7. Let t be l(5). Suppose 5*n - 5*w = 35, 5*n - 18 = t*w + 11. Calculate b(n).
2
Let c(t) be the first derivative of -t**2/2 + 22. Calculate c(-6).
6
Let q(b) = -b**2 + 10 - 3*b - b**3 - 29 + 2*b. Suppose -7 = 5*i - 7. Calculate q(i).
-19
Let z(b) = 1. Let a(u) = u**2 - 6*u + 6. Let c be a(4). Let k(o) = -o**3 - 2*o**2 + 3*o + 5. Let i(m) = c*z(m) + k(m). What is i(-3)?
3
Let s(d) be the third derivative of d**2 + d**3 + 0*d + 0 - 1/24*d**4. Determine s(4).
2
Let s(j) be the second derivative of j**4/12 + j**3 - 5*j**2/2 + 2*j. What is s(-6)?
-5
Let l(m) = -m - 1. Let c(j) = 16*j + 5. Let p be (-12)/(-4)*-1 + 4. Let r(a) = p*c(a) + 6*l(a). Calculate r(1).
9
Let d(w) = 3*w + 3. Let b(a) = 9*a + 5. Let q be b(4). Let p = q - 26. Suppose -p = 4*x + x. Give d(x).
-6
Suppose y + 4 = -4*m, -4*y - m + 22 = -4*m. Suppose 0 = -y*g + 13 + 7. Suppose -2*j = 3*j - g. Let z(a) = -5*a. Calculate z(j).
-5
Let d(z) = 6*z - 8 - z - 4*z + 3*z. Give d(6).
16
Let z(r) = -r + 4. Suppose 27 = 4*g + 3. Determine z(g).
-2
Suppose 3*g = 25 + 5. Let o(d) = d**3 - 9*d**2 - 8*d - 13. Determine o(g).
7
Let a = 132 - 130. Let n(v) = v**3 - 3*v**2 - 3*v + 1. Calculate n(a).
-9
Let l = 0 - 3. Let c(k) = -6*k + 5. Let a(n) = -7*n + 4. Let h(v) = 4*a(v) - 3*c(v). Let u(w) = 7*w - 1. Let q(r) = -5*h(r) - 7*u(r). Give q(l).
-1
Let i(x) be the first derivative of -x**4/4 - 5*x**3/3 - 2*x**2 - 2*x + 12. Determine i(-4).
-2
Let u(h) = -3*h**3 - 3*h + 6. Let d(l) = 4*l**3 + l**2 + 4*l - 7. Let b(i) = -2*d(i) - 3*u(i). Determine b(3).
8
Suppose 2*b = -3*b - 20. Let r(w) = -w - 3. Let q be r(b). Let j(o) = -10*o**2 - 1. Calculate j(q).
-11
Let g(i) = -i**2 + 3*i + 6. Let m = 9 - 5. Suppose -m*x = 7 - 27. Determine g(x).
-4
Let v(d) = 3*d**2 + 13*d + 14. Let h(q) = 5*q**2 + 20*q + 21. Let b(z) = -5*h(z) + 8*v(z). Let f = 9 - 4. What is b(f)?
2
Let y(i) = -i - 2. Let w be y(2). Suppose -4 = -5*h + 1. Let b(o) = -o + 1. Let x(j) = -1. Let f(s) = h*b(s) + 5*x(s). What is f(w)?
0
Let u(d) be the first derivative of -d**2/2 + 12*d + 21. Give u(0).
12
Let w(p) = 64*p + 1 - 30*p - 32*p. Let f(h) = h**3 + 4*h**2 + 2*h - 1. Let r be f(-2). What is w(r)?
7
Let l be (-8)/(-16)*(-10)/1. Let r(i) = i**3 + 6*i**2 + 2*i - 3. Give r(l).
12
Let s(j) = -2*j + 2. Let g be (-20)/(-30)*3*2. Suppose 3*h + 4 = 4*w, -5*h + 24 - g = 0. Determine s(w).
-6
Suppose 2*f - 6 = -0*f. Suppose 6*d - 12 = f*d. Let x(q) = -q**2 + 2*q + 5. Determine x(d).
-3
Let v = 1 - 1. Let y(o) = -4 + o**2 + o + 0*o**3 + 4*o**3 - 5*o**3. What is y(v)?
-4
Let g(i) be the first derivative of -i**4/24 + 2*i**3/3 - 3*i**2/2 - 3. Let v(k) be the second derivative of g(k). Let o be 2*1/(-2)*-4. What is v(o)?
0
Let v = -26 - -29. Let h(t) = 5*t. Determine h(v).
15
Let b = 1 + 4. Let x(p) = -p**2 + 8*p - 7. Calculate x(b).
8
Let z(i) = -2*i**3 - 2*i + 4*i**3 + 3*i**2 - 5*i**2. Let j = 42 - 40. What is z(j)?
4
Let t(u) = -2*u + 6. Let z be t(5). Let p be ((-55)/33)/(2/(-6)). Let o be z*p/(30/(-9)). Let m(h) = -h + 9. Give m(o).
3
Let b = -11 + 13. Let h = -6 - -4. Let j be 2/b*h + -1. Let p(c) = -4*c - 3. Calculate p(j).
9
Let k(q) = 4*q. Let c(g) = 8*g - 1. Let h(t) = -3*c(t) + 5*k(t). Let f = 3 + -2. Let s be (2/(-6))/(f/(-6)). Determine h(s).
-5
Let w = -7 - -5. Let c be 0/((-1)/((-3)/6)). Let t be -2 - c - 3 - w. Let x(f) = -f + 1. Determine x(t).
4
Let l(b) = -b**2 - 6*b + 3. Let v be l(-6). Suppose -v*w + 4*w = 1. Let p(c) = -5*c**2 - 1. Determine p(w).
-6
Let o be (-4)/10 + (-32)/(-30). Let d(i) be the second derivative of 0*i**2 + o*i**3 + i - 1/6*i**4 + 0. What is d(3)?
-6
Let u be 1/(-1)*(3 + -9). Suppose g + 30 = u*g - 4*d, -4*g = -d - 24. Let n be g/(-24) - (-22)/(-8). Let c(i) = -i**3 - 3*i**2 - 3. What is c(n)?
-3
Suppose 21 - 2 = y + 4*x, -x + 5 = 0. Let p = y + 4. Let w(l) = -p*l**3 - 5*l + 2*l**2 + 2*l**3 + 3*l**2. Determine w(4).
-4
Let b = 9 - 5. Let h be (-4)/20 - (-22)/10. Let f(j) = -j + 4*j - h*j. What is f(b)?
4
Let m(t) = -3 + 13*t + 190*t**2 - 386*t**2 + 17 + 197*t**2. Calculate m(-12).
2
Let z = 2 + -2. Suppose 0 = -z*m + 2*m - 4. Let p(h) = 2*h - h + m*h. Giv